 3*s - 8, 21 = -4*s - 3*z - 2*z. Let y(t) = -6*t**2 + 1. Let q be y(s). Give a(q).
-2
Let r(k) = k**2 - 2*k + 0 - 3 - 2*k. Suppose -4*v = -4 - 4, -3*o = -2*v - 14. Calculate r(o).
9
Suppose 4*o + 12 = -0. Let m(w) = -w**2 - 2*w + 4. Give m(o).
1
Let v(o) be the first derivative of o**4/4 + 4*o**3/3 - 3*o**2/2 + 2*o - 9. Calculate v(-3).
20
Let c(w) = -w**3 + 5*w**2 + 5*w + 1. Suppose 3*y - 31 + 3 = 5*r, -y + 2*r + 10 = 0. What is c(y)?
-5
Let i(s) = 2*s**3 - 9*s**2 - 4*s - 2. Let m be i(5). Let h(n) = n**3 - 5*n**2 + 3*n + 4. Give h(m).
-5
Let d(m) = -m + 314*m**3 - 315*m**3 + 5*m**2 + 2 + 2*m. Calculate d(3).
23
Let x(l) = 0 - 3 + 0 + 0 + l**2 - 6*l. Suppose 2*j = -3*j + 3*u + 40, u - 15 = -4*j. Give x(j).
-8
Let y(t) = 2*t**2 - 2*t - 1. Let j = 1 - -3. Suppose 0 = -3*l - 2*d - 13, -2*l + 0*l = -j*d - 18. What is y(l)?
3
Let c(x) be the second derivative of x**5/10 + x**4/12 + x**3/3 + x**2/2 + 11*x. Determine c(-1).
-2
Let k be (-4)/(-26) - (-308)/(-143). Let a(v) = -v**3 + 2*v + 1. Give a(k).
5
Let j = 3 - 1. Let h(t) = -t + 2 - j. Let k(z) = -z**3 - 14*z**2 - 12*z + 9. Let i be k(-13). What is h(i)?
4
Let n(j) = -j**3 - 5*j**2 + 5*j - 6. Let l(m) = 2*m + 1. Let p be l(-8). Let x = p - -9. What is n(x)?
0
Suppose -3*y - 5*l - 4 = 0, 5*y = -7*l + 3*l - 11. Let q(i) = -2*i - 3. Let a be q(y). Let t(w) = 3*w - a*w**2 + 0*w - 2 + 4*w**2. Calculate t(-5).
8
Let p(h) be the third derivative of -h**2 + 1/24*h**4 - 1/120*h**6 + 1/30*h**5 - 1/3*h**3 + 0 + 0*h. What is p(2)?
0
Let i(t) = -t**3 - 6*t**2 + t + 10. Let m be i(-6). Let d(w) = -w**3 + 4*w**2 - w + 4. Determine d(m).
0
Let q(y) be the first derivative of -y**6/360 - y**5/24 + y**4/12 + 2*y**3/3 - 1. Let v(r) be the third derivative of q(r). Let b = -21 + 16. Give v(b).
2
Let z(k) = -4*k**3 - 3*k**2 - 3*k - 10. Let q(m) = -3*m**3 - 2*m**2 - 2*m - 9. Let u(n) = 3*q(n) - 2*z(n). Let l = -2 + 2. Determine u(l).
-7
Let q(t) = 116 - 117 + 22*t**2 - 8*t - 21*t**2. What is q(8)?
-1
Suppose -d + 13 = 10. Let x(n) = 5*n**3 + 1 - 4*n**3 + n**d. What is x(-1)?
-1
Let j(u) be the first derivative of -u**4/4 + u**3 - u**2 - 2*u + 25. What is j(2)?
-2
Let d = 5 - 7. Let i(n) be the third derivative of n**4/24 + n**3/6 - 123*n**2. Determine i(d).
-1
Let h(c) be the second derivative of -5/2*c**2 - 1/12*c**4 + 0 + 7/6*c**3 - c. Let y = 0 - -4. Determine h(y).
7
Let x = 0 + 0. Let q(m) = -m**2 - m - 5. Let f(h) = 3*h + 5. Let c(b) = b + 2. Let j(d) = -5*c(d) + 2*f(d). Let a(t) = -2*j(t) - q(t). What is a(x)?
5
Let j(i) = -i**3 + 4*i**2 - 2*i + 4. Suppose 3*x = -5*q - 15, -2*q = 5*x + 15 + 10. Let c = -2 + 7. Suppose 0 = c*l - q - 15. Determine j(l).
7
Let c(u) be the first derivative of u**4/2 - 2*u**3/3 - u**2/2 - u + 6. Let h be c(2). Let z(n) = n**3 - 5*n**2 - 2*n + 6. Calculate z(h).
-4
Suppose 6*w - 4 = 2*w. Let s(y) = -7*y**3 + 2*y**2 - 3*y**2 + w + 3*y**3 - y. Let l = 11 - 10. What is s(l)?
-5
Suppose -5*u + 3*u = -6. Suppose i - u = 1. Let y(w) = 4*w - 6. Give y(i).
10
Let n(y) = -y**2 + y + 6. Let u be 0/((0 - (-3 - -1))*-1). Give n(u).
6
Let v(q) = -q + 3. Let g be (2/3)/(11/66). Give v(g).
-1
Let c(i) = 20 - i + 23 - 54. Give c(-7).
-4
Let k(b) = 5*b**3 + 5*b**2 + b + 2. Let y(c) = 14*c**3 + 14*c**2 + 3*c + 5. Let r(n) = 17*k(n) - 6*y(n). Give r(0).
4
Let x(h) = -h**2 - h. Let y(i) = i**2 - 3*i + 6. Let j(r) = 2*x(r) + y(r). Suppose 2*t = 4*q + 26, -q + 5*t + 19 = -5*q. Determine j(q).
0
Let f be 6*4*(-2)/(-12). Let a = f + 0. Let d(s) = -s**3 + 5*s**2 - 5*s + 4. Calculate d(a).
0
Let o(a) = -a**2 + 8*a + 5. Let d = -9 + 17. Let c be o(d). Let r(z) = z**2 + c + 1 + 1. Give r(0).
7
Suppose -m - 3*y = 3*m + 3, 0 = -m - y. Suppose 0 = 3*o - 2*o. Let g(c) = -2 - 2*c - c**3 - 7*c**2 + 4*c**2 + o*c**2. What is g(m)?
4
Let d = 81 - 82. Let q(u) = 4*u + 1. What is q(d)?
-3
Let r(t) = t**3 + 6*t**2 - t - 2. Suppose 2*s + 0*s = -3*w + 29, 4 = 2*s - 2*w. Let u be (-2)/8 + 29/4. Suppose 2*v = -5*i - u, 4*v - i + s = 3*v. What is r(v)?
4
Let q(v) = -v**3 - 5*v**2 - 2*v + 4. Let g = 11 - 15. Let b be 4*2 + 3 + g. Suppose 5*d + 8 = -b. What is q(d)?
-8
Let x(i) = -4 + 7 - 3 - 3*i - 1. Suppose 0 = -2*r - 8 + 2. Calculate x(r).
8
Let d = -172 - -171. Let p(o) = -5*o - 1. Give p(d).
4
Let b(l) = 3*l - 5. Let v be 24/5 - 6/(-30). Give b(v).
10
Let c(v) = 5*v**2 - 2*v - 1. Let a = 38 - 39. Determine c(a).
6
Let m(x) = 2*x. Let h(l) = -3*l. Let z(y) = -3*h(y) - 4*m(y). Let c = 2 + -6. Give z(c).
-4
Suppose -5 = 5*g - 30. Let r(o) = -11*o - g*o + 2*o. Determine r(-1).
14
Let m(j) = -15*j**2 + 11*j + 13. Let c(k) = -7*k**2 + 5*k + 6. Let y(z) = 13*c(z) - 6*m(z). Suppose -2*i - 3*g + 14 = -3*i, 2*i - g + 8 = 0. Give y(i).
-2
Let n = 20 - 14. Let a = n + -3. Let x(k) = -3*k + 3*k - 5 - 2*k + a*k. Determine x(0).
-5
Let u(f) = -8*f - 7. Let k(s) = 17*s + 13. Let t(d) = -6*k(d) - 11*u(d). Give t(1).
-15
Suppose 4*u + 8 = 16. Let p(f) be the first derivative of -u*f + 1 - 3/2*f**2. Calculate p(-2).
4
Let y(n) = -2*n - 2. Let k(t) = -2 + 1 + 2*t - t. Let u(s) = -3*k(s) + y(s). Determine u(1).
-4
Let z(k) = -k**2 - 7*k + 5. Let d be z(-7). Suppose 4*f = 2*n - 4, d*n - 10 = -4*f + 2*f. Let x(p) = p**2 - 10. Determine x(f).
-10
Let n(z) = z**2 + 7*z - 5. Let h(o) = o**3 + 7*o**2 + 7*o. Let u be h(-6). Determine n(u).
-11
Suppose 4 = -3*i + 3*b + 13, 2*i = -5*b + 13. Let v(d) = i + 5*d - 2 + d**3 + 4*d**2 + 0*d**2. Suppose -5*o = 4*o + 27. Give v(o).
-4
Let r be (2/3)/(1/(-9)). Let m(t) be the third derivative of t**6/120 + 7*t**5/60 + 7*t**4/24 + 4*t**3/3 + 12*t**2. Give m(r).
2
Suppose 5*r - 2*z = 35, 2*z + 21 = 4*r - 9. Let k(w) be the first derivative of w**4/4 - 4*w**3/3 - 3*w**2 + 5*w - 1. Determine k(r).
0
Let s(v) = -v**2 + 3*v - 6 + 2*v + v. Give s(4).
2
Let z(h) = h**2 + h. Let t(u) = 4*u + 1. Suppose -2*k = 2*k + i - 1, 0 = k + 2*i - 9. Let a(g) = k*t(g) + 3*z(g). What is a(2)?
9
Suppose 0 = 4*u - 4*s, -2*u - 3 = -u - 4*s. Suppose 0 = -2*f + 4*f - 4. Let v(w) = -3*w**3 + 2*w**f - w**2 - 1 + 4*w**3. What is v(u)?
1
Let w(r) be the first derivative of -r**2 + 16*r + 5. What is w(11)?
-6
Suppose -5*l + 2*l + 35 = 5*k, -5*k - 2*l = -30. Suppose 2*m = 0, -k*u - 8*m = -3*m + 24. Let b(h) = -h**2 - 7*h - 4. What is b(u)?
2
Let j(c) = -3*c**2 + 3*c - 6*c - 8 + 4*c**2 + 6. Let v(y) = 2*y. Let w be v(-2). Let r = w + 7. Determine j(r).
-2
Let a(x) = 2*x - 1. Let d(y) = y**2 + y + 7. Let l be d(0). Suppose l*n - 5*n + 10 = 0. Calculate a(n).
-11
Let r(x) = -x + 8. Let b(o) = -o + 9. Let f(y) = -3*b(y) + 2*r(y). Determine f(8).
-3
Let k(d) = 3*d - 32. Let g(x) = 2*x - 21. Let r(b) = 8*g(b) - 5*k(b). Give r(5).
-3
Let h(q) be the second derivative of q**3/6 - q**2/2 - 5*q. Determine h(-5).
-6
Let z(f) = 3*f + 74. Let m be z(-22). Let g(c) = c**3 - 9*c**2 + 8*c + 2. Calculate g(m).
2
Let c(v) be the second derivative of v**5/20 - v**3/3 - v**2/2 - 3*v. Let p(j) = -j + 9. Let q be p(10). Determine c(q).
0
Let f(p) = -p - 1. Let a(l) = -l**2 - 4*l - 6. Let m(k) = a(k) + f(k). Determine m(-5).
-7
Let y = 27 + -24. Let z(f) be the second derivative of 0 + 2*f + f**2 + 1/3*f**y. What is z(3)?
8
Let i(v) = 4*v**3 + 2*v**2 + 4*v - 10. Let q(f) = -9*f**3 - 5*f**2 - 9*f + 20. Let y(x) = -7*i(x) - 3*q(x). Give y(0).
10
Let h(d) be the third derivative of -d**6/60 + d**5/60 + d**3/6 - 3*d**2 + 3*d. Give h(2).
-11
Let y(t) be the second derivative of -t**4/12 + 7*t**3/6 - 5*t**2/2 - 40*t. What is y(7)?
-5
Suppose 0 = -5*c + 23 + 2. Suppose c*m - 12 = m. Let y(k) = -2*k - 2. Let p(j) = j + 2. Let g(d) = m*p(d) + 2*y(d). What is g(3)?
-1
Let m(j) = j**2 - 9*j + 12. Let n be m(8). Suppose -2*x - 2*x = 4*b + 32, -n = -b + 5*x. Let q(i) = -2*i + 2. Determine q(b).
14
Let b = 32 + -29. Suppose 9 = 5*j - 2*j. Let i(w) = 2 - 5*w + 5*w**j - 6*w**3 + 5*w**2 + 0. Give i(b).
5
Let k(u) = -11*u**3 - 26*u**2 + u + 4. Let r(m) = 7*m**3 + 17*m**2 - m - 3. Let t(h) = 5*k(h) + 8*r(h). Determine t(-6).
14
Let h(v) = -4*v + 3*v**2 - 2*v**2 + 3*v + 2*v - v**3. What is h(2)?
-2
Let u(y) = -7*y - 2. Let s(f) = -6*f - 2. Let j(t) = 6*s(t) - 5*u(t). What is j(-2)?
0
Let j = -20 + 14. Let a(k) = k + 9. Let f(u) = 1. Let n(v) = j*f(v) + a(v). Determine n(3).
6
Let x(b) = -b**3 + 3*b**2 + 4*b. Suppose 0 = t, t + 12 = 3*i - 3*t. Suppose -o = -i*o + 12. Calculate x(o)